 4/76 + (-1364)/(-76) + 4. Let f(h) = -3*h**2 + 67*h - 18. Give f(o).
4
Suppose 32*d = 51*d + 57. Let b(z) be the third derivative of 5*z**4/12 - z**3/2 + 44*z**2. Determine b(d).
-33
Let d be -3*3 + -60 + 54. Let v be (-3)/d + 88/10. Let s(q) = -q + 3. Give s(v).
-6
Let u(q) = q**3 + q**2 - 1. Let v(i) = 2*i**3 + 3*i**2 - i - 25. Let x(p) = 3*u(p) - v(p). Let a = 2360 + -2360. Calculate x(a).
22
Let j(i) = 7*i**2 + 276*i + 346. Let d(x) = -x**2 - 40*x - 49. Let y(l) = 27*d(l) + 4*j(l). Determine y(-21).
-2
Let v(t) = t**2 - 16*t - 257. Let s be v(-10). Let o(n) = 8*n**2 - 6*n - 4. Let q(j) = -7*j**2 + 5*j + 3. Let c(m) = 5*o(m) + 6*q(m). Give c(s).
-20
Let f(t) = -5*t**2 + 4*t + 7. Let b(i) = -i**3 + 3*i**2 + 31*i - 96. Let z be b(3). Determine f(z).
-50
Let l(u) = -11*u. Let r be (96/(-64))/(1/(-2)). Suppose 0 = t + 5, 5*i + 5*t = -12 - r. Calculate l(i).
-22
Let d(o) = -o**3 - o + 7. Let h be 0/(15/20 - 3/(-12)). Suppose 3*i + h*i = 5*i. Calculate d(i).
7
Let u(m) = -7*m - 102. Let j be 12691/(-1029) - 8/(-6). Give u(j).
-25
Let w = 954 - 949. Let j(k) = -k**3 - k**2 - k - 1. Let l(b) = 7*b**3 + 4*b**2 - 3*b + 2. Let d(x) = w*j(x) + l(x). What is d(-2)?
-7
Let y(c) = 79*c + 164 - 86 - 54 - 2*c**2 - 65. Calculate y(39).
-2
Let o(l) be the first derivative of -19*l**2/2 - 8*l + 1812. Determine o(-2).
30
Suppose 3*k + 2*p = 35, -8*p - 61 = -5*k - 12*p. Let a(w) = 3*w - 25. Calculate a(k).
2
Let w be -6 - ((-20)/(-3))/((-48)/72). Let t be (-125)/(-100) + 19/w. Let u(f) = -f**3 + 6*f**2 + 4*f + 5. Give u(t).
29
Let i(y) = y**2 - 2. Let s(q) = -6*q**3 + 17*q**2 - 6*q**2 + 5*q**3 + 5*q - 7 - 4. Let n(d) = 6*i(d) - s(d). Determine n(6).
5
Let f(v) = -6*v - 4477994 + 21*v + 4478100. What is f(-6)?
16
Let s(g) = -g**2 - 7*g - 4. Let c be (0 - -1) + 7 - -4. Suppose 3*u + 11 + c = 2*p, -5 = -5*p. Calculate s(u).
-4
Suppose 176 - 8 = -42*w. Let j(s) = s**3 + 2*s**2 - 14*s - 4. Determine j(w).
20
Let h(d) = -5*d**2 - 10*d + 1. Let p(k) = 3*k**2 + 9*k. Let u(i) = -2*h(i) - 3*p(i). Calculate u(5).
-12
Suppose -x - 16 = -25. Let p(u) = 3*u**2 - x + 8*u - 11*u + 10 - 4*u**2. Give p(-2).
3
Let i be 1 + -1 + -8 - -12. Let c(h) = h**3 - 6*h**2 + 8*h - 5. What is c(i)?
-5
Suppose -4*q = -4667 - 3269. Let u(l) = -q*l + 1 + 994*l + 994*l. Calculate u(-5).
-19
Let z(s) = 4*s - 14. Let k(j) = -38*j - 1861. Let y be k(-49). Calculate z(y).
-10
Let i(a) = -2 + a**2 + 11 + a - 3*a**3 + 4*a**3 + 0*a**2. Let m = -360 - -380. Suppose 4*o = -x - m, -3*o - 15 = 7*x - 10*x. Give i(x).
9
Let x(d) = d. Let q(g) = -g**3 + 3*g**2 + g - 2. Let a be q(-2). Let r = a + -11. Let t be -1*(-4 + r) - 1/1. Give x(t).
-2
Let r(o) = -2*o**2 + 18*o - 9. Let m be r(8). Let c(l) = -2*l - 1355 - m*l + l**2 + 1350. Suppose n = 3*a - 2, -3*n - a = -0*a - 24. Calculate c(n).
-19
Let i(d) = 4*d - 16. Let r = -2307 + 2295. Determine i(r).
-64
Let n(f) = 4*f + 4. Let d = 262 - 292. Let m be (12/d)/((-2)/50) - 5. What is n(m)?
24
Let a(l) = l. Let o(s) = -10*s. Let k(w) = 6*a(w) + o(w). Suppose 4*y - 118 = 2126. Let p = y - 556. What is k(p)?
-20
Let x(y) = -y**2 - 12*y - 16. Suppose -5*z - 4*a - 452 = -384, 4*z + 5*a + 67 = 0. Give x(z).
16
Let v(k) = 85*k + 26. Let r(n) = 64*n + 24. Let m(a) = 5*r(a) - 4*v(a). Calculate m(1).
-4
Let n = 3 - 9. Let s(c) = c - 2. Let i(v) = -3 - 3*v - 8 + 16. Let u(f) = 6*i(f) + 17*s(f). What is u(n)?
2
Suppose 176*v = 210*v + 442. Let w(t) = t**3 + 14*t**2 + 5*t + 8. Calculate w(v).
112
Suppose -20 = 5*n - 0*n. Let f(z) = -2*z**2 - 2*z + 13. Let j(k) = -3*k**2 - 3*k + 19. Let q(g) = 4*f(g) - 3*j(g). Give q(n).
7
Let v be (-2583)/(-147) + 6/14. Let b(w) = w - 5*w - 3*w + v*w. Calculate b(1).
11
Let h(f) = -16*f + 24. Let y(i) = -16*i + 4. Let w(z) = 4*h(z) - 5*y(z). What is w(-5)?
-4
Let b(v) be the second derivative of v**5/20 - v**4/12 + v**2/2 - v - 2076. Suppose 4*u - 6 - 2 = -2*i, -5*i + 32 = -2*u. Let w = i + -5. Give b(w).
1
Let c(o) = 80270*o - 3 - 40126*o - o**2 - 40141*o. Let a = 8 + -12. Give c(a).
-31
Let x = -8 + 15. Let d(p) = 5 - 1 + x*p**2 + 3*p - 3*p + p**3 + 5*p. Let m = -1045 + 1039. Calculate d(m).
10
Let w = -143 + 47. Let s = w + 97. Let n(o) = 1 - 3 - o + 0 - o**2 + s. Determine n(0).
-1
Let r(x) = -x**3 + x - 19. Suppose -2*o = -o - 9. Suppose -o = -11*z + 13. Suppose z*f = -4 + 4. What is r(f)?
-19
Let u(g) = -3*g**3 + 14*g**2 - 9*g - 30. Let h(f) = 5*f**3 - 26*f**2 + 19*f + 60. Let y(q) = -4*h(q) - 7*u(q). Determine y(-7).
12
Suppose -75 = 20*o + 55*o. Let z(i) = -127*i**2 + i + 2. Give z(o).
-126
Let n be 6 + ((-12)/3 - 0). Let q(v) = -57*v**2 - 1 + 22*v**n - 2*v + 23*v**2. What is q(-1)?
-11
Let g(u) be the first derivative of -1/2*u**2 - 9*u + 6. What is g(-13)?
4
Let l(y) be the first derivative of -1/3*y**3 + 11/2*y**2 - 13*y - 156. Give l(10).
-3
Let j(n) = -13 + n**3 + 5 - 3 + 0 + 7*n**2 - 8*n. Suppose 32 = -4*w - 4*k, -40 = 5*w + 19*k - 16*k. What is j(w)?
-11
Let y(f) = -f**2 - 32*f + 5. Let h be y(-16). Let z(n) = 3 - h*n**3 - 1 - 6*n + 5*n**2 + 260*n**3. Calculate z(4).
-6
Let w(k) = -12*k**3 + k**2 + 2*k + 1. Let s be 6 + -101 - (-1)/(-4)*0. Let p = s + 94. Determine w(p).
12
Let g(a) = 2 - 291286*a + 291290*a - 12 - 2*a**2. Calculate g(5).
-40
Suppose -5*q = -2*q - 21. Let z(i) = 53*i - 9. Let y(p) = -26*p + 4. Let l(k) = q*y(k) + 3*z(k). Let c(d) = -8*d**2 - 9*d + 93. Let r be c(-4). Determine l(r).
-22
Suppose -q + 4*c + 28 = 0, -2*q = -c + 1 - 43. Let l be 6 + -2 - q*7/28. Let m(s) = 3*s**2 + 2*s. Calculate m(l).
1
Let r(v) = -v**2 - 9*v + 74. Let d be r(-14). Let y(w) = 13*w - 5*w - 7 - 6*w + 6 + d*w. Give y(4).
23
Let u(z) = z**2 + z + 1. Let q(i) = 5*i**2 + 4*i + 13. Let g(n) = -q(n) + 6*u(n). Let r be ((-17710)/7084)/((-2)/(-4)). Calculate g(r).
8
Let h(c) = -c**2 - 13*c - 4. Let l(o) = -22*o + 76. Suppose 0 = 19*d - 23*d + 16. Let g be l(d). Calculate h(g).
8
Let p = -1467 + 1472. Let v(b) = -b**3 + 4*b**2 + 13*b - 6. Give v(p).
34
Suppose -o = -0*o + 1, -2*o = -5*w - 28. Let s(r) = r**3 - 5*r**2 - 6*r + 15. Let n(f) = -f**3 + 5*f**2 + 7*f - 17. Let k(j) = w*n(j) - 7*s(j). Determine k(5).
-3
Let b(z) = 7 - 8*z**2 + 2*z**3 - z - z**3 - z**2. Suppose 67 = 3*x + 125*o - 130*o, -x + 33 = -3*o. Calculate b(x).
-2
Let m(g) = 443*g - 338. Let n(v) = 318*v - 225. Let t(z) = 5*m(z) - 7*n(z). Determine t(-11).
6
Suppose 0 = 141*j - 143*j - 12. Let r(k) be the first derivative of 1/4*k**4 - 4*k**2 + 14 - 2*k + 5/3*k**3. Give r(j).
10
Let w be (0 - -2)/2 - 2. Let z be -1 + 1/w - 1. Let a(t) be the first derivative of -3*t**2/2 - 4*t + 782. Determine a(z).
5
Let j(u) be the second derivative of -u**3/6 + u**2/2 - 2*u - 3. Let n(y) = y**3 + 12*y**2 - 11*y - 18. Let f(q) = 4*j(q) + n(q). Determine f(-13).
12
Let q be (-5)/(35/(-4))*21/6. Let z(l) = 11*l + 5*l**2 - l**2 + 4 - 20 - 5*l**q + 6*l. Give z(16).
0
Let z(m) = -m + 3. Let g(t) = -2*t + 8. Let q(u) = 4*g(u) - 11*z(u). Suppose l - 651 + 655 = 0. Determine q(l).
-13
Let k(w) = 13*w + 1776 - 17*w - 1787. Give k(4).
-27
Let b(l) = -26*l - 99. Let p be b(-4). Let c(f) be the first derivative of -5*f**2 + 1/3*f**3 + 7 + 6*f. Calculate c(p).
-19
Suppose -221*h - 316 = 1416 + 257. Let w(q) = 14*q + 114. What is w(h)?
-12
Let r(b) be the second derivative of b**7/2520 - b**5/60 + b**4/12 - 23*b**2 + 152*b. Let m(z) be the third derivative of r(z). What is m(0)?
-2
Let o = -89412 - -89427. Let t(n) be the third derivative of -n**6/120 + n**5/4 - n**4/24 + 7*n**3/2 + n**2. What is t(o)?
6
Let s(b) = -5*b**3 + 15*b**2 + 6*b - 7. Let u(m) = -m**3 + 3*m**2 - 1. Let v(n) = -s(n) + 4*u(n). Suppose -2*c + 15 = 5*a, 0*c = -4*c + 5*a + 15. What is v(c)?
23
Suppose -9*p + 91 = 19. Let t(r) = 15*r**2 + 5*r + 2. Let f(v) = -26*v**2 - 11*v - 3. Let y(x) = 4*f(x) + 7*t(x). Calculate y(p).
-6
Let o(k) = 70*k + 67*k - 267*k + 69*k + 63*k - 16 + k**2. Calculate o(-7).
19
Let r(f) = -9*f**2 + 7*f**2 + 4*f - 4*f - 1 + 11 + 14*f. Let k = 525 + -517. Calculate r(k).
-6
Let z = 266 + 126. Let r = z - 401. Let p(m) = m**2 + 8*m - 8. Give p(r).
1
Let a(y) = -y**2 - 6*y - 6. Let d be a(-4). Let f(g) = -5*g**d - 10*g + 24*g - 15*g. Calculate f(-1).
-4
Let b(i) be the third derivative of -i**4/24 - 5*i**3 - 3109*i**2. Give b(-32).
2
Let f be (-9 - (2 - 4))/1. Let c(k) = 2*k - 1. Let y(h) = 7*h + 1. Let z(w) =